*j - 8192 = -5*b - 7*j, 2*b - 2*j - 3284 = q. Is b a composite number?
True
Let j be ((-3)/(4/(-4)))/1. Suppose j*i - 2*i = 0. Suppose -a - 3*q + 31 = i, 0 = -2*a + 5*q - 4 + 66. Is a composite?
False
Let c(g) = 29*g**2. Let m be c(-1). Suppose -m = 4*q - 1. Let z(t) = 6*t**2 - t - 14. Is z(q) a prime number?
False
Suppose 1270 = 2*s - 3*q, -2*s - 2*s + 2580 = 4*q. Suppose s = 6*w - 12025. Is w prime?
True
Let o(n) = -292*n + 2. Let f be o(-2). Suppose 5*k + 2*d + 37 - f = 0, -d + 111 = k. Is k composite?
False
Let y(c) = 5*c - 11. Let l be y(3). Is l/10*5 + 645 a prime number?
True
Let g be (-2)/(6/(-9)) - -4. Suppose 43 - 11 = 2*s + 4*q, 0 = -s - 5*q + g. Is s a prime number?
False
Let u(y) = -3*y**3 + 20*y**2 + 4*y - 2. Is u(-7) prime?
True
Let h be (-1*2 - -6) + -2. Let w = 93 - 96. Is (-127)/(h*w/6) prime?
True
Let a(s) = 12*s**2 - 4*s + 2*s + s + 2 + 4*s. Is a(3) composite?
True
Let i(m) = 156*m**3 + 25*m + 8. Is i(5) composite?
True
Let a be 1 - 2/(-3)*3. Let j(b) be the second derivative of b**4/6 + b**3/6 - b**2 + 25*b. Is j(a) a prime number?
True
Let i = -24 + 39. Let r = i - -38. Is r prime?
True
Let h(s) = s**2 - 6*s - 11. Let r be h(-3). Let p(b) = 9*b**2 - 4*b - 9. Is p(r) prime?
False
Is ((-123)/12*1)/(19/(-14972)) prime?
False
Let j(r) = -r - 5. Let l be j(-7). Suppose -t = l*t - 2676. Let o = -563 + t. Is o a prime number?
False
Let s(w) = 35*w**2 - 5*w + 17. Is s(15) composite?
False
Let p = 689 + 2516. Is p composite?
True
Suppose 6*l - 109 - 47 = 0. Suppose -171 + l = -p. Is p a prime number?
False
Suppose 3 + 2 = -5*w. Let q be (-8)/(-12)*-3*w. Is (-5 - -448)*2/q prime?
True
Let b(y) = 24*y + 5. Let t be b(6). Suppose s - t = -4*v, 2*s - v = -0*v + 298. Is s prime?
True
Let m(y) = 2*y**3 - 13*y**2 + 18*y + 1. Is m(8) a prime number?
True
Let d(f) = 25*f**2 + 4*f - 5. Suppose -2*c - 16 = -2*w, 9*w - 16 = -c + 4*w. Is d(c) a prime number?
True
Is (-23040 + -1)*1/7*-7 a prime number?
True
Let f be ((-390)/(-52))/((-1)/56*-3). Suppose 0 = 146*m - f*m - 15006. Is m a composite number?
True
Let w = -155 - -278. Suppose b - 1068 - w = 0. Is b - 2*(-2 - -4) prime?
True
Let q be (13/(-26))/(2/(-8)). Suppose 0 = -q*x + x + 331. Is x composite?
False
Is (-3)/1 + 12*2460 - 2 a prime number?
False
Let s(k) = -k**3 - k**2 - 6*k + 1837. Is s(0) a prime number?
False
Let o(l) be the first derivative of -3*l**2 + 7 - l + 10/3*l**3 - 1/4*l**4. Is o(9) prime?
False
Let z = 733 + -1114. Let p = 166 + z. Is (2 - 4 - p) + -2 a composite number?
False
Let n(q) = -q**2 + q + 446. Let v be n(0). Let h = v - 151. Is h a prime number?
False
Let v(x) = -40*x + 419. Is v(-44) a prime number?
True
Suppose 0 = 2*d - 6, 514 = -3*c - 4*d + 2473. Is c composite?
True
Suppose 4*a = 7*a. Let y be ((-1568)/(-3))/4 - 6/(-18). Suppose a = 5*c + y - 686. Is c a prime number?
False
Suppose -9 = -4*p + 3*a, 3*p - 4*a = -0 - 2. Let t be ((-8046)/(-9))/(6/4). Suppose t = -2*q + p*q. Is q composite?
False
Let h(j) = 4120*j**2 + 3*j - 9. Is h(2) prime?
True
Is (5437/2)/(18/36) composite?
False
Let n be (-7)/(-2)*20/(-1). Let g be 2/(-14) + (-10)/n. Suppose 8*h - 1142 - 386 = g. Is h a composite number?
False
Let b be (1 - -396)/((-1)/(-4)). Suppose -b = -4*i - 0. Is i a prime number?
True
Let f(r) = -r**3 - r**2 - 3*r + 7559. Is f(0) composite?
False
Suppose -12 + 2 = 5*n. Let d be 2*(n + (2 - 18)). Let k = d - -67. Is k prime?
True
Suppose -5*b + 22 - 27 = 0. Is -2 + 2 + b - 15*-6 a composite number?
False
Suppose -5*u - 4*o + 26 + 14 = 0, 4*u - 5*o + 9 = 0. Suppose -u*h + 3407 = 703. Let f = h - 155. Is f a composite number?
False
Is 3198 - (8/(-6) - 13/(-39)) a composite number?
True
Let r be (-2)/(-2) + 0 + 2966. Suppose -4*b + 2387 = 5*p, -r + 562 = -5*p + 5*b. Is p prime?
True
Let v(m) = -16*m**3 + 19*m**2 + 53*m - 1. Is v(-10) a composite number?
True
Let c(b) be the third derivative of -5*b**4/3 + 19*b**3/6 + 19*b**2. Is c(-7) composite?
True
Let y(f) = -f**2 + 4*f. Let l be (-5 - 7)*(-1)/3. Let v be y(l). Suppose -j + 3*t + 497 = v, 5*j - 2016 = j - 2*t. Is j composite?
False
Let t(n) = n**2 - n - 17. Let c be t(0). Let b(o) = -1 + o**2 - 2*o**2 + 2 + 2 - 19*o. Is b(c) prime?
True
Let s(w) = 5*w**2 - 2*w + 1. Let h be s(1). Suppose -5*d + h + 6 = 0. Suppose d*z = c - 163, -3*c + 9 = 4*z - 470. Is c composite?
True
Let d(y) = -151*y**3 - y - 1. Let m be d(-1). Let i = m + -64. Suppose 0 = -j + 3*v + 190, 2*j - i = 5*v + 298. Is j prime?
False
Suppose h - 4*f + 256 = 49, 0 = f + 4. Let g = 264 - h. Is g a prime number?
True
Let z(j) = -983*j + 523. Is z(-12) a prime number?
False
Let x = -1 - 1. Let b be (2 - 3 - -3)*4. Let z = b - x. Is z composite?
True
Suppose 18*y = 19*y + 6. Is (-584)/y + (-4)/12 a prime number?
True
Let v be -4 + 10 - (-4 - -3). Let m = v - 11. Let a(i) = -85*i - 3. Is a(m) a composite number?
False
Let v = -48 - -50. Let n(c) = 64*c**2 + 3*c + 1. Is n(v) a prime number?
True
Let b(y) = -245*y - 160. Is b(-9) prime?
False
Let v be ((-28)/(-1 + -3))/1. Suppose -2*t = -v*t. Suppose 0*y + i = -3*y + 548, t = 3*i - 15. Is y a composite number?
False
Let w(p) = 10*p**2 - 4*p + 3. Suppose 2*t - 4*t = -4. Suppose -t*l + 12 = -5*l. Is w(l) a prime number?
True
Let b = -300 + -279. Let z(g) = 234*g + 4. Let u be z(-5). Let x = b - u. Is x composite?
False
Let n be (-6)/2 - -4 - -2. Suppose 3*i + n = 0, 1 + 1 = -4*m + 2*i. Is m/3*-3*85 prime?
False
Let k = 19 - 15. Suppose -k*r + 294 + 406 = 0. Let s = r - 66. Is s a composite number?
False
Let f be (34/6)/((-4)/(-12)). Let i = f + 73. Suppose 89 = m - i. Is m composite?
False
Let j(z) = z**2 + 3*z + 15. Suppose 0*l - 2 = s + 2*l, 4*s + 26 = l. Let v(x) = x + 20. Let k be v(s). Is j(k) composite?
True
Let h = -13 - -16. Suppose 0 = -3*a - x - 0*x + h, -5*a - 4*x - 2 = 0. Suppose a*v = 435 + 583. Is v a prime number?
True
Let l = -818 - -4767. Is l prime?
False
Let w(p) be the first derivative of -p**3/3 + p**2/2 + 184*p - 14. Let o be w(0). Let s = o + -21. Is s a prime number?
True
Let j be 42/6 - (-12)/(-3). Suppose 0 = i + j*t - 215, 20 = 4*t + t. Is i a composite number?
True
Let u(p) = -391*p + 123. Is u(-8) a prime number?
True
Let q be (290 - -2)/(1/(-1)). Let y be -625 - (1 - 3 - -4). Let g = q - y. Is g composite?
True
Is 409 + (16/4 - 10) prime?
False
Let c(r) = -2 - 3 - 3*r**3 + r**3 - r**2 - 3*r. Let o be ((-4)/(-6))/(88/48 + -2). Is c(o) prime?
False
Suppose -289 - 581 = -5*s. Let n(a) = 13*a + 9. Let t be n(-8). Let h = t + s. Is h composite?
False
Suppose 7*p - 7922 + 523 = 0. Is p prime?
False
Suppose 328 = t - 132. Suppose -8*r + 3*r = -t. Let b = r - 55. Is b prime?
True
Is ((-12)/30)/((-6394)/(-6395) + -1) composite?
True
Is (20810/20)/((-3)/(-6)) a composite number?
False
Suppose p = 2*m - 4606, -5*p = -10*m + 15*m - 11500. Is m a composite number?
True
Suppose -30*a + 532 = -26*a. Suppose 0 = 19*f - 20*f + a. Is f a prime number?
False
Let z(n) = -3*n**3 + 8*n**2 - 3*n + 17. Is z(-7) a composite number?
False
Let g = 3403 + -1430. Is g a prime number?
True
Let r(w) = -3*w - 13. Let a be r(0). Let c(j) = 4*j**2 - 6*j - 9. Is c(a) prime?
False
Suppose 1 = -2*y + 3. Let c(l) = 3*l**3 - 2*l**2 + 1. Let k be c(y). Suppose h - 63 = -k*h. Is h composite?
True
Let u be 3/(6 - 3) + 83 + -1. Let l = 152 - u. Is l a composite number?
True
Let p(i) = -3815*i**3 + 2*i**2. Is p(-1) a composite number?
True
Let v(z) = -2*z**2 + 13*z + 12. Let g(n) = -8*n**3 - 2*n**2 - 2*n - 1. Let p be g(-1). Let f be v(p). Suppose 129 = f*o - 4*o. Is o composite?
True
Let s = 5973 + -3520. Is s prime?
False
Suppose -2*n + 132 = 2*g, -2*g + 19 - 85 = -n. Is ((-44)/n)/((-4)/978) prime?
True
Suppose 314985 = 35*s - 1086730. Is s a composite number?
True
Suppose 28 = -4*h - 12. Let x be h/(-8) + 4/(-16). Is (5/(-10))/(x/(-446)) prime?
True
Suppose -7 = -2*u + 5*h + 14, -2*u - h = -3. Suppose -u*m + 0*m + 633 = 0. Is m a prime number?
True
Let y = 0 - -2. Let h = 7 - y. Is 2/h + 1772/20 prime?
True
Let x(o) = -5*o**2 + 126*o**2 - o + 8 + 36*o**2 - 3. Is x(-2) a prime number?
False
Let b = -9566 - -16147. Is b a composite number?
False
Let q = 36 + -54. Let s be (-220)/q - (-6)/(-27). Suppose -j + 16 = x, 66 = 5*j + 4*x - s. Is j a prime number?
False
Suppose -30689 - 19695 = -8*u. Suppose 0 = 4*c + 3*b - 34